alse
Is 7449379199 a composite number?
False
Is 6909461781 prime?
False
Is 613252931 a composite number?
False
Is 16276833011 composite?
True
Is 830414719 a prime number?
True
Is 5278967329 a composite number?
False
Is 4685598131 prime?
True
Is 12671173507 prime?
True
Is 532498994 composite?
True
Is 18889232207 a prime number?
True
Is 5378987953 a prime number?
True
Is 1186100481 prime?
False
Is 91900897157 prime?
True
Is 1733234999 a prime number?
True
Is 3685955935 a composite number?
True
Is 300384935 prime?
False
Is 794709133 a prime number?
False
Is 1386820151 a composite number?
True
Is 21154132595 a prime number?
False
Is 13300999177 a composite number?
True
Is 19530044203 a composite number?
True
Is 28977426971 composite?
True
Is 46707509137 a composite number?
True
Is 1135935289 composite?
False
Is 370344127 prime?
False
Is 14186680159 composite?
False
Is 911869694 a prime number?
False
Is 73465839121 a composite number?
False
Is 601914479 composite?
False
Is 2804016587 a prime number?
True
Is 20991522833 a composite number?
False
Is 1611710431 composite?
True
Is 378925619 a prime number?
True
Is 221638871 a prime number?
False
Is 679787539 a composite number?
True
Is 63133753 a composite number?
True
Is 575193089 a composite number?
False
Is 7559085719 composite?
False
Is 539532713 a prime number?
False
Is 14601004571 prime?
False
Is 307531949 a composite number?
True
Is 19151118317 a prime number?
True
Is 2931992831 composite?
False
Is 873308237 a composite number?
False
Is 46267919 a composite number?
False
Is 29465405059 composite?
True
Is 33384584813 composite?
True
Is 6140606651 composite?
False
Is 45210006151 composite?
False
Is 22356946673 a composite number?
False
Is 829493579 prime?
False
Is 34413592007 a prime number?
True
Is 160563526661 a prime number?
False
Is 171763695401 composite?
True
Is 2105123 prime?
False
Is 18888455897 composite?
True
Is 39810704559 composite?
True
Is 744909569 composite?
False
Is 11755272993 a prime number?
False
Is 190723987 prime?
True
Is 292916081 a composite number?
False
Is 145311403 a composite number?
True
Is 19603028261 prime?
False
Is 8418585031 a composite number?
True
Is 363117121 composite?
False
Is 29818567 composite?
False
Is 8893856633 a prime number?
True
Is 31005336097 a composite number?
True
Is 8439940361 prime?
True
Is 1727129527 a composite number?
False
Is 1361253857 prime?
False
Is 15148456109 a composite number?
False
Is 526710923 a prime number?
False
Is 1212475837 a prime number?
True
Is 277624651 a prime number?
False
Is 1882258289 prime?
False
Is 230198263 prime?
True
Is 15497692361 a prime number?
False
Is 2058091507 composite?
True
Is 1815656153 prime?
True
Is 603254987 a composite number?
False
Is 2907270479 a composite number?
True
Is 3712287509 a prime number?
False
Is 1198970579 a prime number?
True
Is 12662781869 a prime number?
False
Is 49102869269 prime?
True
Is 8755152383 composite?
False
Is 122296763959 composite?
False
Is 3517723921 a composite number?
False
Is 94930375819 a composite number?
True
Is 99804661811 prime?
False
Is 2453798443 composite?
True
Is 361271504995 a prime number?
False
Is 241167077 a composite number?
True
Is 62496470377 a composite number?
True
Is 4653871 prime?
False
Is 2124006307 composite?
False
Is 1762146853 composite?
False
Is 322852508837 prime?
True
Is 32444383369 prime?
False
Is 2408473021 prime?
True
Is 3945358091 composite?
False
Is 477917929 prime?
False
Is 678488243 a composite number?
False
Is 15460507451 a prime number?
True
Is 8476906539 prime?
False
Is 925478053 a composite number?
True
Is 1152546221 composite?
False
Is 2924168231 prime?
True
Is 699464083 a composite number?
True
Is 38456360519 composite?
True
Is 364841579 a composite number?
False
Is 37172420339 composite?
False
Is 1031566651 a prime number?
False
Is 263701309 a prime number?
True
Is 4533225493 prime?
False
Is 55068682447 prime?
True
Is 333994691 composite?
True
Is 1104155329 prime?
True
Is 1259265373 composite?
False
Is 1923908777 prime?
False
Is 116372984929 composite?
False
Is 24482981 a prime number?
True
Is 1599053117 a prime number?
True
Is 67510323899 composite?
False
Is 184796481 prime?
False
Is 32029362793 composite?
True
Is 1790291389 composite?
True
Is 12296198639 prime?
False
Is 4952745761 prime?
True
Is 626094497 a prime number?
False
Is 9231248821 a composite number?
False
Is 1249172237 a prime number?
True
Is 1959631351 composite?
False
Is 214617343 prime?
False
Is 18435794801 prime?
True
Is 108698939291 a composite number?
False
Is 1596276046 composite?
True
Is 3138699065 prime?
False
Is 80038638517 prime?
False
Is 35827243567 a prime number?
True
Is 1380852581 a composite number?
False
Is 20196644267 composite?
True
Is 2887759439 a composite number?
False
Is 11145879377 a composite number?
False
Is 13380726413 composite?
False
Is 3060640021 a composite number?
False
Is 1163854771 composite?
True
Is 8818800197 prime?
True
Is 2555444251 a prime number?
False
Is 499402961 composite?
False
Is 5130048655 composite?
True
Is 176304207 prime?
False
Is 20000413 composite?
True
Is 19895941 a prime number?
False
Is 13666861573 a composite number?
False
Is 1049329171 a prime number?
False
Is 509146709 composite?
True
Is 139844953 a composite number?
False
Is 26372079823 prime?
True
Is 6468199001 composite?
True
Is 119536399 a composite number?
False
Is 52934511893 a composite number?
True
Is 9346560387 a prime number?
False
Is 4929972137 composite?
True
Is 416662117 composite?
False
Is 155694673 composite?
False
Is 9430622681 composite?
True
Is 2047236307 a prime number?
False
Is 237403374521 a composite number?
True
Is 71918549 composite?
False
Is 56663366623 a composite number?
False
Is 61257210263 prime?
True
Is 1148086201 composite?
True
Is 25197143 a prime number?
False
Is 2933827453 prime?
True
Is 1745487677 composite?
True
Is 461115511 composite?
False
Is 13480959907 a prime number?
True
Is 686003069 a composite number?
False
Is 679634101 a prime number?
False
Is 283396369 composite?
False
Is 4152283043 a composite number?
True
Is 15708928621 prime?
False
Is 2753381153 prime?
True
Is 53339951087 a composite number?
False
Is 1625272543 composite?
False
Is 88955809 a composite number?
False
Is 10357624883 a prime number?
True
Is 1055722427 composite?
False
Is 2524093907 a prime number?
True
Is 443564141 composite?
False
Is 342812879 a prime number?
True
Is 91366596293 a composite number?
True
Is 3801872033 a composite number?
False
Is 78606349429 composite?
False
Is 1885237345 a composite number?
True
Is 586883483 composite?
False
Is 62685555001 prime?
True
Is 1175616307 composite?
True
Is 1483216811 composite?
False
Is 63597985007 a composite number?
True
Is 3405236293 prime?
True
Is 2270409131 a prime number?
False
Is 2225800457 a prime number?
True
Is 2092539067 a composite number?
False
Is 941906699 composite?
False
Is 1521807395 prime?
False
Is 18174807719 composite?
False
Is 56845183517 a prime number?
False
Is 7668386477 composite?
False
Is 473622781 composite?
False
Is 36353057281 composite?
True
Is 1038136663 a prime number?
True
Is 207740719 a composite number?
False
Is 38993722991 prime?
False
Is 29715755221 prime?
False
Is 3517636183 a prime number?
False
Is 4028377679 prime?
False
Is 1681478879 a composite number?
False
Is 1865271206 a composite number?
True
Is 7599064727 prime?
False
Is 943374193 prime?
True
Is 686174117 a prime number?
True
Is 1650867473 composite?
False
Is 322050889 a composite number?
False
Is 134770419139 a prime number?
True
Is 74759227 a composite number?
True
Is 28350785791 prime?
False
Is 19914659 prime?
True
Is 1550320621 a composite number?
False
Is 10401710419 composite?
False
Is 24842591687 prime?
True
Is 34071363817 prime?
True
Is 7181284103 prime?
False
Is 2058080723 a prime number?
True
Is 388980131 composite?
True
Is 44419192817 composite?
False
Is 4216350701 composite?
True
Is 2609914771 a composite number?
False
Is 1485793831 composite?
True
Is 2101403383 a composite number?
False
Is 8679933065 a prime number?
False
Is 428187541 prime?
True
Is 2441035859 a prime number?
False
Is 101302511554 composite?
True
Is 1536747271 composite?
True
Is 881372721 a prime number?
False
Is 21219968141 